{"id":548,"date":"2023-01-11T17:43:21","date_gmt":"2023-01-11T17:43:21","guid":{"rendered":"https:\/\/ww2.picture-vision.com\/jaegerschaft-ilmenau.de\/?page_id=548"},"modified":"2025-09-16T19:53:53","modified_gmt":"2025-09-16T19:53:53","slug":"aufgaben","status":"publish","type":"page","link":"https:\/\/js-ilmenau.de\/index.php\/jaegerschaft\/aufgaben\/","title":{"rendered":"Aufgaben"},"content":{"rendered":"\n<h2 class=\"wp-block-heading has-text-align-center has-large-font-size\" style=\"text-transform:uppercase\">Die Aufgaben der J\u00e4gerschaft<\/h2>\n\n\n\n<figure class=\"wp-block-image size-full is-resized\"><img loading=\"lazy\" decoding=\"async\" width=\"300\" height=\"200\" src=\"https:\/\/js-ilmenau.de\/wp-content\/uploads\/2023\/03\/Winter_Langer_Berg.jpg\" alt=\"\" class=\"wp-image-708\" style=\"width:831px;height:494px\" srcset=\"https:\/\/js-ilmenau.de\/wp-content\/uploads\/2023\/03\/Winter_Langer_Berg.jpg 300w, https:\/\/js-ilmenau.de\/wp-content\/uploads\/2023\/03\/Winter_Langer_Berg-140x93.jpg 140w\" sizes=\"auto, (max-width: 300px) 100vw, 300px\" \/><\/figure>\n\n\n\n<p class=\"has-text-align-center\">Pflege und F\u00f6rderung aller Zweige des Jagdwesens und der Waidgerechtigkeit, des jagdlichen Brauchtums, der umfassenden jagdlichen Aus- und Weiterbildung, des jagdlichen Schrifttums und der jagdliche Sprache, jagdkultureller Einrichtungen sowie der waidgerechten Jagdaus\u00fcbung (\u00a7 1 Abs. 3 BJG).<\/p>\n\n\n\n<p class=\"has-text-align-center\">Die eigenst\u00e4ndige Aufkl\u00e4rung in \u00d6ffentlichkeit und Gesellschaft \u00fcber Wert und Nutzen, Schutz und Erhaltung artenreicher Best\u00e4nde der nat\u00fcrlichen Tier- und Pflanzenwelt und \u00fcber Ursachen, Auswirkungen und Abwehr sch\u00e4dlicher Umwelteinfl\u00fcsse.<\/p>\n\n\n\n<p class=\"has-text-align-center\">Die F\u00f6rderung des Jagdhundewesens, der nicht jagdlich gef\u00fchrten Begleithunde und der Welpenschule.<\/p>\n\n\n\n<p class=\"has-text-align-center\">Der sparsame und schonenden Umgang mit sich erneuernden und sich nicht erneuernden Naturg\u00fctern in unseren zu betreuenden Revieren im Privatbesitz und im Staatsforst.<\/p>\n\n\n\n<p class=\"has-text-align-center\">Die Unterst\u00fctzung der Jagd- und Naturschutzbeh\u00f6rden und der Naturschutz f\u00f6rdernden Vereine bei der Durchf\u00fchrung ihrer Aufgaben.<\/p>\n\n\n\n<p class=\"has-text-align-center\">Die J\u00e4gerschaft Ilmenau e.V. umfasst 4 Hegeringe. <\/p>\n\n\n\n<div class=\"wp-block-columns is-layout-flex wp-container-core-columns-is-layout-9d6595d7 wp-block-columns-is-layout-flex\">\n<div class=\"wp-block-column is-layout-flow wp-block-column-is-layout-flow\"><div class=\"wp-block-image\">\n<figure class=\"aligncenter size-full is-resized\"><img loading=\"lazy\" decoding=\"async\" width=\"436\" height=\"513\" src=\"https:\/\/ww2.picture-vision.com\/jaegerschaft-ilmenau.de\/wp-content\/uploads\/2023\/01\/Termine.png\" alt=\"\" class=\"wp-image-643\" style=\"width:218px;height:257px\" srcset=\"https:\/\/js-ilmenau.de\/wp-content\/uploads\/2023\/01\/Termine.png 436w, https:\/\/js-ilmenau.de\/wp-content\/uploads\/2023\/01\/Termine-140x165.png 140w\" sizes=\"auto, (max-width: 436px) 100vw, 436px\" \/><\/figure>\n<\/div><\/div>\n\n\n\n<div class=\"wp-block-column is-layout-flow wp-block-column-is-layout-flow\"><div class=\"wp-block-image\">\n<figure class=\"aligncenter size-full is-resized\"><a href=\"https:\/\/js-ilmenau.de\/index.php\/jagdschule\/\"><img loading=\"lazy\" decoding=\"async\" width=\"436\" height=\"513\" src=\"https:\/\/ww2.picture-vision.com\/jaegerschaft-ilmenau.de\/wp-content\/uploads\/2023\/01\/Ausbildung.png\" alt=\"\" class=\"wp-image-644\" style=\"width:218px;height:257px\" srcset=\"https:\/\/js-ilmenau.de\/wp-content\/uploads\/2023\/01\/Ausbildung.png 436w, https:\/\/js-ilmenau.de\/wp-content\/uploads\/2023\/01\/Ausbildung-140x165.png 140w\" sizes=\"auto, (max-width: 436px) 100vw, 436px\" \/><\/a><\/figure>\n<\/div><\/div>\n\n\n\n<div class=\"wp-block-column is-layout-flow wp-block-column-is-layout-flow\"><div class=\"wp-block-image\">\n<figure class=\"aligncenter size-full is-resized\"><img loading=\"lazy\" decoding=\"async\" width=\"436\" height=\"513\" src=\"https:\/\/ww2.picture-vision.com\/jaegerschaft-ilmenau.de\/wp-content\/uploads\/2023\/01\/Hund.png\" alt=\"\" class=\"wp-image-645\" style=\"width:218px;height:257px\" srcset=\"https:\/\/js-ilmenau.de\/wp-content\/uploads\/2023\/01\/Hund.png 436w, https:\/\/js-ilmenau.de\/wp-content\/uploads\/2023\/01\/Hund-140x165.png 140w\" sizes=\"auto, (max-width: 436px) 100vw, 436px\" \/><\/figure>\n<\/div><\/div>\n<\/div>\n","protected":false},"excerpt":{"rendered":"<p>Die Aufgaben der J\u00e4gerschaft Pflege und F\u00f6rderung aller Zweige des Jagdwesens und der Waidgerechtigkeit, des jagdlichen Brauchtums, der umfassenden jagdlichen Aus- und Weiterbildung, des jagdlichen&#8230;<\/p>\n","protected":false},"author":4,"featured_media":0,"parent":17,"menu_order":0,"comment_status":"closed","ping_status":"closed","template":"","meta":{"footnotes":""},"class_list":["post-548","page","type-page","status-publish","hentry"],"_links":{"self":[{"href":"https:\/\/js-ilmenau.de\/index.php\/wp-json\/wp\/v2\/pages\/548","targetHints":{"allow":["GET"]}}],"collection":[{"href":"https:\/\/js-ilmenau.de\/index.php\/wp-json\/wp\/v2\/pages"}],"about":[{"href":"https:\/\/js-ilmenau.de\/index.php\/wp-json\/wp\/v2\/types\/page"}],"author":[{"embeddable":true,"href":"https:\/\/js-ilmenau.de\/index.php\/wp-json\/wp\/v2\/users\/4"}],"replies":[{"embeddable":true,"href":"https:\/\/js-ilmenau.de\/index.php\/wp-json\/wp\/v2\/comments?post=548"}],"version-history":[{"count":9,"href":"https:\/\/js-ilmenau.de\/index.php\/wp-json\/wp\/v2\/pages\/548\/revisions"}],"predecessor-version":[{"id":826,"href":"https:\/\/js-ilmenau.de\/index.php\/wp-json\/wp\/v2\/pages\/548\/revisions\/826"}],"up":[{"embeddable":true,"href":"https:\/\/js-ilmenau.de\/index.php\/wp-json\/wp\/v2\/pages\/17"}],"wp:attachment":[{"href":"https:\/\/js-ilmenau.de\/index.php\/wp-json\/wp\/v2\/media?parent=548"}],"curies":[{"name":"wp","href":"https:\/\/api.w.org\/{rel}","templated":true}]}}

<h2 class="wp-block-heading has-text-align-center has-large-font-size" style="text-transform:uppercase">Die Aufgaben der Jägerschaft</h2>



<figure class="wp-block-image size-full is-resized"><img loading="lazy" decoding="async" width="300" height="200" src="https://js-ilmenau.de/wp-content/uploads/2023/03/Winter_Langer_Berg.jpg" alt="" class="wp-image-708" style="width:831px;height:494px" srcset="https://js-ilmenau.de/wp-content/uploads/2023/03/Winter_Langer_Berg.jpg 300w, https://js-ilmenau.de/wp-content/uploads/2023/03/Winter_Langer_Berg-140x93.jpg 140w" sizes="auto, (max-width: 300px) 100vw, 300px" /></figure>



<p class="has-text-align-center">Pflege und Förderung aller Zweige des Jagdwesens und der Waidgerechtigkeit, des jagdlichen Brauchtums, der umfassenden jagdlichen Aus- und Weiterbildung, des jagdlichen Schrifttums und der jagdliche Sprache, jagdkultureller Einrichtungen sowie der waidgerechten Jagdausübung (§ 1 Abs. 3 BJG).</p>



<p class="has-text-align-center">Die eigenständige Aufklärung in Öffentlichkeit und Gesellschaft über Wert und Nutzen, Schutz und Erhaltung artenreicher Bestände der natürlichen Tier- und Pflanzenwelt und über Ursachen, Auswirkungen und Abwehr schädlicher Umwelteinflüsse.</p>



<p class="has-text-align-center">Die Förderung des Jagdhundewesens, der nicht jagdlich geführten Begleithunde und der Welpenschule.</p>



<p class="has-text-align-center">Der sparsame und schonenden Umgang mit sich erneuernden und sich nicht erneuernden Naturgütern in unseren zu betreuenden Revieren im Privatbesitz und im Staatsforst.</p>



<p class="has-text-align-center">Die Unterstützung der Jagd- und Naturschutzbehörden und der Naturschutz fördernden Vereine bei der Durchführung ihrer Aufgaben.</p>



<p class="has-text-align-center">Die Jägerschaft Ilmenau e.V. umfasst 4 Hegeringe. </p>



<div class="wp-block-columns is-layout-flex wp-container-core-columns-is-layout-9d6595d7 wp-block-columns-is-layout-flex">
<div class="wp-block-column is-layout-flow wp-block-column-is-layout-flow"><div class="wp-block-image">
<figure class="aligncenter size-full is-resized"><img loading="lazy" decoding="async" width="436" height="513" src="https://ww2.picture-vision.com/jaegerschaft-ilmenau.de/wp-content/uploads/2023/01/Termine.png" alt="" class="wp-image-643" style="width:218px;height:257px" srcset="https://js-ilmenau.de/wp-content/uploads/2023/01/Termine.png 436w, https://js-ilmenau.de/wp-content/uploads/2023/01/Termine-140x165.png 140w" sizes="auto, (max-width: 436px) 100vw, 436px" /></figure>
</div></div>



<div class="wp-block-column is-layout-flow wp-block-column-is-layout-flow"><div class="wp-block-image">
<figure class="aligncenter size-full is-resized"><a href="https://js-ilmenau.de/index.php/jagdschule/"><img loading="lazy" decoding="async" width="436" height="513" src="https://ww2.picture-vision.com/jaegerschaft-ilmenau.de/wp-content/uploads/2023/01/Ausbildung.png" alt="" class="wp-image-644" style="width:218px;height:257px" srcset="https://js-ilmenau.de/wp-content/uploads/2023/01/Ausbildung.png 436w, https://js-ilmenau.de/wp-content/uploads/2023/01/Ausbildung-140x165.png 140w" sizes="auto, (max-width: 436px) 100vw, 436px" /></a></figure>
</div></div>



<div class="wp-block-column is-layout-flow wp-block-column-is-layout-flow"><div class="wp-block-image">
<figure class="aligncenter size-full is-resized"><img loading="lazy" decoding="async" width="436" height="513" src="https://ww2.picture-vision.com/jaegerschaft-ilmenau.de/wp-content/uploads/2023/01/Hund.png" alt="" class="wp-image-645" style="width:218px;height:257px" srcset="https://js-ilmenau.de/wp-content/uploads/2023/01/Hund.png 436w, https://js-ilmenau.de/wp-content/uploads/2023/01/Hund-140x165.png 140w" sizes="auto, (max-width: 436px) 100vw, 436px" /></figure>
</div></div>
</div>

<p>Die Aufgaben der Jägerschaft Pflege und Förderung aller Zweige des Jagdwesens und der Waidgerechtigkeit, des jagdlichen Brauchtums, der umfassenden jagdlichen Aus- und Weiterbildung, des jagdlichen&#8230;</p>
